he highest common factor of 10 and k.
5
Suppose -4*c + 2*z = -487 - 383, 0 = -3*c + 4*z + 660. What is the greatest common factor of c and 24?
24
Let k be 45/2 + ((-45)/(-10) - 5). Calculate the greatest common factor of 2 and k.
2
Suppose -3 = -h + w, 0 = 2*h + 4*w - 6. Suppose 2*p - 271 = -3*i + p, i + h*p = 93. Calculate the highest common divisor of i and 36.
18
Let a be -2 - -1 - (4 + -5). Let h = -14 - -20. Suppose 2*t + 0*t - 4*d - h = a, 0 = 2*t - 2*d - 8. What is the highest common divisor of 5 and t?
5
Suppose y + 4*y - 45 = 0. Let z(g) = -2*g**2 + 4*g**2 - 1 + 2 - 4 + 4*g. Let o be z(-5). Calculate the highest common divisor of y and o.
9
Let y(c) = c**3 - 8*c**2 + 6*c - 4. Let d be y(8). Suppose -4*s - 263 = -5*r, 5*r - 228 = s + d. What is the highest common divisor of 22 and r?
11
Let d(w) = w**2 + 8*w + 9. Let a be d(-6). Let c be 12/((-3)/a - 0). Suppose -c = 2*l - 60. Calculate the greatest common divisor of l and 16.
8
Let p be (-172)/(-8) - 1/(-2). What is the greatest common divisor of 55 and p?
11
Let u be (1/(2*-1))/(4/(-96)). Calculate the highest common divisor of u and 84.
12
Let r be 139 + (-5)/((-5)/2). Let v = r + -91. What is the greatest common divisor of 10 and v?
10
Let o be (25/(-20) + 2)/((-1)/(-288)). Let z(c) = -c**2 - 11*c. Let t be z(-8). What is the greatest common divisor of o and t?
24
Let m be (-3)/3 + -2 + 19. Suppose 2 = -2*i + 6. Calculate the highest common divisor of m and i.
2
Let p be (-2)/4 - 670/(-20). Calculate the greatest common factor of p and 22.
11
Let c(s) = -28*s + 8. Let t be c(-6). Let w = 41 - 25. Calculate the greatest common factor of w and t.
16
Suppose -2*a = -a - 5*c - 109, 4*c + 272 = 3*a. Calculate the highest common divisor of 12 and a.
12
Suppose 2*a - 34 = -t + 7*a, -5*t + 5*a = -110. Calculate the highest common divisor of t and 171.
19
Let l(w) = w**2 + 7*w + 8. Let i be l(-6). Let d(z) = -13*z. Let p be d(i). Let b = 44 + p. Calculate the greatest common factor of b and 6.
6
Let s = 28 + -8. Calculate the greatest common divisor of s and 60.
20
Let a(v) = -2*v + v**3 + 2*v + 0*v**3 - 9*v**2 + 6 + 2*v. Let w be a(9). Calculate the greatest common divisor of w and 16.
8
Let t(r) = 2*r + 3. Suppose 2*p = -0 + 6. Let s be t(p). Suppose -5*a - 9*a + 252 = 0. Calculate the greatest common divisor of s and a.
9
Let i(z) = -2*z - 13. Suppose 2*c = -10 - 10. Let f be i(c). Calculate the greatest common divisor of f and 7.
7
Let t be 5/(1/(1 - 2)). Let m(c) = c + 7. Let q be m(t). Suppose -5*f + 435 = -5*v, 0 = q*f - 0*f + 4*v - 192. What is the greatest common divisor of 18 and f?
18
Let w = -276 - -507. Calculate the highest common factor of 33 and w.
33
Suppose j + 8 + 9 = 4*i, -5 = 5*j. Suppose 2*c - i = 28. Calculate the greatest common factor of c and 24.
8
Let y(g) = g**3 - 5*g**2 - 6*g + 8. Let w be y(6). Let x = -66 - -6. Let u = x - -148. What is the highest common divisor of u and w?
8
Let w = -249 + 976. Suppose -w = -5*t - 177. What is the highest common factor of 10 and t?
10
Let q(r) = -6*r - 38. Let y be q(-9). What is the highest common factor of y and 8?
8
Let f = -8 + 6. Let s be 8 + f*(-3)/(-3). What is the greatest common divisor of s and 24?
6
Suppose 0 = 2*a + a - 18. Suppose -3*c + a = -9. Let b be (-40)/(-18) - 4/18. Calculate the highest common divisor of c and b.
1
Suppose 4*i + 2*g - 8 = -0*i, -2 = -i - 3*g. What is the greatest common divisor of 18 and i?
2
Let c = 3 + -1. Let j be ((-15)/(-6))/(c/52). Let p be 4/3*(-78)/(-4). Calculate the highest common divisor of p and j.
13
Let i = -88 - -153. Suppose 205 = -5*r + 4*b, -5*r - 2*b = 3*b + 250. Let c = i + r. Calculate the highest common factor of c and 30.
10
Suppose 3*z - 125 = 5*c, 0 = -5*z + c + c + 183. What is the highest common factor of z and 14?
7
Let b(a) = -a**3 - a**2 + a + 16. Let k be b(0). Suppose -4*c + 128 = -4*x, -4*x = 14 - 2. Let l = c + k. Calculate the greatest common divisor of 9 and l.
9
Suppose -a - 3550 = 4*a. Let k be 6/21 + a/(-14). What is the highest common divisor of 17 and k?
17
Let z(u) = -u**2 + 2*u + 2. Let n be 1 - (-1 - 1) - 0. Let k be z(n). Let p be 20/(-6)*33*k. What is the greatest common divisor of p and 10?
10
Suppose -3*z - 14 = 4*t - 104, -59 = -2*z - 3*t. What is the greatest common factor of z and 102?
34
Let r be 1 + -5 - 2 - -1. Let p = 8 + r. Suppose 7*i = 4*i - 3*s + 33, s = p*i - 13. Calculate the highest common factor of 30 and i.
6
Let q = 5 - 1. Suppose t - q = -1. Suppose 0 = -4*p + 7 - t. What is the highest common factor of p and 2?
1
Suppose -5*j = 3*l - 37, 2*j - 2 = -l + 9. Calculate the greatest common divisor of 133 and l.
19
Let r = 2 + 0. Let b be (14/(-5))/(r/(-10)). Suppose 0*q = -2*q + b. Calculate the greatest common divisor of 28 and q.
7
Suppose 4*v - 5*f + 120 = 573, 0 = 5*v + 5*f - 600. What is the greatest common divisor of v and 13?
13
Let m(k) = -3*k - 11. Let i be m(-6). Calculate the highest common factor of 77 and i.
7
Suppose -c - 3*m = -42, -4*c - 26 = -5*c + m. Calculate the highest common divisor of 5 and c.
5
Let u = -11 - -13. Let i(y) = y + 6. Let x be i(0). Suppose u*z + 8 = x*z. What is the greatest common factor of 2 and z?
2
Let b be (21/(-14))/((-1)/18). Calculate the greatest common factor of 18 and b.
9
Let s be (1 - -1)*(-478)/(-4). Let k = 128 + s. Let g = k - 255. What is the greatest common divisor of g and 16?
16
Let z be 12/(-20) - 515/(-25). Let r be ((-5)/2)/((-2)/4). Calculate the greatest common divisor of z and r.
5
Suppose 0 = 5*u + 5*f - 20, 5*u + 2*f - 32 = -0*f. Calculate the highest common factor of 48 and u.
8
Suppose -4*a = 2*c, -2*c = -5*a - 3*c + 6. Suppose -3*l = 2*s - 930, 610 = 3*l - l - a*s. What is the highest common divisor of 28 and l?
28
Suppose 3*y = 6*l - 3*l - 210, l = 3*y + 68. Let d = l - 31. Suppose -5*z - h + 495 = 4*h, 4*h = -3*z + 296. Calculate the greatest common factor of d and z.
20
Suppose 0 = -8*r + r + 147. What is the greatest common divisor of 42 and r?
21
Suppose p + 4*q = q + 388, -1578 = -4*p + q. Suppose -r + p - 49 = 0. Suppose 3*t - r = 138. What is the greatest common divisor of 23 and t?
23
Suppose -w + 8 = 2. Let u(t) = 9*t. Let a be u(-2). Let v be 99/2*(-24)/a. What is the highest common factor of v and w?
6
Let a = -8 - -6. Let x be 12*(0 + -1)/a. Suppose 5*z - 12 - 18 = 0. What is the highest common divisor of x and z?
6
Let z(a) be the first derivative of 7*a**2/2 - 6*a + 2. Let p be z(7). Suppose 5*g = p + 137. Calculate the greatest common divisor of 12 and g.
12
Suppose -4*t + 1 = -5*x + 13, -x = t - 6. Let d(q) = 25*q**2 - q - 2. Let b be d(t). Let z = -11 + 23. What is the greatest common factor of b and z?
12
Suppose -3*r = 4*f - 787, -f - 265 + 5 = -r. Let p be (-4)/(-14) - 603/(-21). Calculate the highest common divisor of r and p.
29
Suppose 331 = -5*t + 811. Suppose 5*k - 100 = 7*h - 3*h, 0 = -k - 2*h + 34. Suppose -4*o + 2*o = -k. What is the greatest common factor of o and t?
12
Let o = 8 - 11. Let i be -3*(-1)/o*-19. Let w = 55 - i. Calculate the greatest common divisor of 24 and w.
12
Let k = -14 + 34. Calculate the highest common divisor of k and 50.
10
Let q be 21/((3 - 1)/2). Let u be (-3)/(3/(-5 - -2)). What is the highest common divisor of q and u?
3
Suppose 3*a = -4 + 13. Suppose -a*z = 2*z - 180. Let v = -8 - -20. What is the highest common factor of v and z?
12
Let h be (-2 + 1)/1 - -28. Calculate the highest common divisor of 189 and h.
27
Suppose 4*k - 22 = 10. Suppose 9*f = k*f + 9. Calculate the greatest common factor of f and 18.
9
Let g = 146 + -29. Calculate the greatest common factor of g and 13.
13
Let c be (-10)/15*(1 + 2). Let u(r) = -3*r**3. Let t be u(c). Calculate the greatest common divisor of 3 and t.
3
Let m be (-2)/6 + (-344)/(-24). What is the greatest common factor of 126 and m?
14
Let j(v) = v + 2. Let w(p) be the first derivative of -p**2/2 + 1. Let a(y) = j(y) + 4*w(y). Let h be a(-3). Calculate the greatest common factor of 44 and h.
11
Suppose 2*s - 20 = -3*s. Suppose 5*r + 19 = -3*f, -1 = -3*f + s*r - 2. Let k be (f/(-2))/((-4)/(-40)). What is the highest common divisor of 15 and k?
15
Suppose q = 8 + 2. What is the greatest common factor of q and 40?
10
Suppose 0 = f - 4*a + 12, -2*f = -3*f - 5*a